57. Calculate n(109).
20
Let p(g) = g**2 - 3510*g - 947981. Calculate p(-252).
43
Let f(a) = 78*a**2 - 37*a + 69. Calculate f(-3).
882
Let h(k) = k**3 + 74*k**2 + 12. Give h(0).
12
Let j(w) = 2*w**3 + 31*w**2 - 75868*w - 1138252. Give j(-15).
-7
Let i(c) = -651478*c + 1954435. Give i(3).
1
Let n(h) = h**3 - 216*h**2 - 899*h + 4196. What is n(220)?
16
Let n(d) = 4*d**3 - d**2 - 1781*d + 3. What is n(0)?
3
Let m(p) = -3967*p - 674390. Calculate m(-170).
0
Let g(o) = -42474*o - 382271. Determine g(-9).
-5
Let c(i) = 3*i**2 + 995*i - 48144. What is c(44)?
1444
Let k(q) = -967*q**2 + 11535*q + 36. What is k(12)?
-792
Let b(u) = -u**2 - 757*u - 109453. What is b(-562)?
137
Let a(z) = -1082*z - 7378. What is a(-8)?
1278
Let a(r) = -87*r - 1392. Give a(-21).
435
Let a(v) = -75*v**2 + 18821*v + 994. Give a(251).
-10
Let q(x) = -x**2 + 6605*x - 230354. What is q(35)?
-404
Let b(m) = -111*m**2 - 7341*m - 1003. What is b(-66)?
-13
Let z(k) = k**3 - 159*k**2 + 6069*k - 13. What is z(63)?
1310
Let i(h) = h**2 + 15715*h + 125623. Determine i(-8).
-33
Let q(s) = -s**3 - 11*s**2 + 146*s + 774. Give q(-7).
-444
Let r(p) = 771*p + 77093. Calculate r(-100).
-7
Let i(z) = 7*z**2 + 59*z + 30. What is i(-8)?
6
Let c(p) = -23*p**2 - 22723*p - 66979. What is c(-985)?
1
Let q(a) = 9639*a - 106023. Give q(11).
6
Let k(o) = -65290*o - 195933. What is k(-3)?
-63
Let b(r) = -166*r**2 - 712*r + 600. What is b(-5)?
10
Let f(c) = 33794*c + 1689626. Determine f(-50).
-74
Let b(r) = 1185792*r - 15415308. Determine b(13).
-12
Let d(j) = -j**3 - 18*j**2 - 50*j - 3. Determine d(-14).
-87
Let i(m) = 449*m - 9596. Give i(21).
-167
Let j(v) = 61*v - 1938. Calculate j(34).
136
Let g(l) = 15*l**2 + 34*l - 7. Calculate g(5).
538
Let f(u) = -u**3 - 48*u**2 - 260*u - 5617. Determine f(-45).
8
Let k(j) = -j**3 + 29*j**2 - 91*j - 149. Calculate k(15).
1636
Let u(s) = 23*s**2 + 4694*s - 42330. Give u(9).
1779
Let t(k) = k**3 - 93*k**2 - 300*k + 10490. Determine t(95).
40
Let v(p) = -p**3 - 751*p**2 + 4617*p - 58. Determine v(6).
392
Let x(t) = 1308*t - 66715. What is x(51)?
-7
Let b(r) = -r**3 + 15*r**2 + 459*r - 6468. Calculate b(13).
-163
Let n(h) = 2*h**3 - 72*h**2 + 420*h + 260. Give n(28).
-524
Let f(w) = -15*w**3 + 3475*w**2 - 2310*w + 1. Calculate f(231).
1
Let c(o) = 7*o**2 + 347*o - 14468. Give c(27).
4
Let y(w) = -25990*w - 78126. Determine y(-3).
-156
Let t(h) = -h**3 + 152*h**2 + 4629*h - 218. Determine t(178).
-40
Let h(k) = k**2 - 301*k - 20. What is h(0)?
-20
Let l(i) = -6*i**3 + 9*i**2 + 235*i - 73. Calculate l(8).
-689
Let c(q) = 66*q**2 - 504*q + 10. Determine c(7).
-284
Let m(p) = -3*p**3 + 28*p**2 + 290*p - 2585. Determine m(11).
0
Let a(r) = -4*r**2 + 55683*r - 334008. Determine a(6).
-54
Let z(t) = -t**3 + 383*t**2 + 5097*t - 683. Determine z(-13).
-20
Let k(l) = -l**3 - 49*l**2 + 10*l + 52. Calculate k(-50).
2052
Let d(r) = 2*r**2 + 344*r + 7348. Determine d(-147).
-2
Let d(i) = 19*i**3 + 2*i + 23. Give d(3).
542
Let k(a) = 2*a**2 - 1146*a + 23266. Calculate k(21).
82
Let y(l) = 29901*l - 478398. Determine y(16).
18
Let h(r) = 1254*r + 176224. Determine h(-141).
-590
Let y(l) = 13986*l + 167834. Determine y(-12).
2
Let q(c) = 2*c**2 + 402378*c + 5230562. What is q(-13)?
-14
Let q(n) = -2*n**2 + 2834*n + 4718376. Calculate q(-983).
-24
Let j(d) = d**3 - 85*d**2 + 1763*d + 112. What is j(49)?
63
Let d(b) = -6*b**2 + 584*b + 2436. What is d(-4)?
4
Let u(w) = -2822*w**3 + 126993*w**2 - 143*w + 360. Determine u(45).
0
Let b(s) = -669*s**2 + 85*s + 22. Determine b(-2).
-2824
Let h(w) = -w**3 + 118*w**2 + 200*w - 9541. Calculate h(119).
98
Let c(t) = -t**3 + 8*t**2 - 675*t + 6282. What is c(9)?
126
Let j(g) = 4683*g + 332499. Calculate j(-71).
6
Let y(o) = -6*o**3 - 59*o**2 - 264*o + 29. Determine y(-5).
624
Let r(m) = 1755*m + 6749. What is r(-4)?
-271
Let u(l) = 11*l**3 + 52*l**2 + 52*l - 16. Determine u(-2).
0
Let t(l) = l**2 - 125*l + 1254. Determine t(11).
0
Let b(u) = 835*u**2 + 740*u + 7. What is b(0)?
7
Let l(u) = -4648*u + 1110841. Give l(239).
-31
Let k(b) = 77*b**2 + 1786*b + 3540. Give k(-21).
-9
Let x(a) = -370*a + 16687. What is x(46)?
-333
Let m(k) = 4*k**2 + 73*k + 71. Give m(4).
427
Let x(r) = -r**3 + 24*r**2 + 229*r - 506. What is x(27)?
3490
Let h(t) = -47*t**3 + 84*t**2 + 81*t - 2. Give h(-1).
48
Let i(k) = -145*k**2 - 5059*k + 562. Give i(-35).
2
Let w(z) = -139*z - 6788. Give w(-53).
579
Let a(g) = 1300*g - 9128. What is a(7)?
-28
Let c(j) = 307*j + 25839. What is c(-84)?
51
Let l(b) = -b**3 - 183*b**2 + 2145*b - 124. Determine l(11).
-3
Let m(c) = 763*c - 22202. Calculate m(31).
1451
Let n(k) = 685*k**2 - 4106*k - 2. What is n(6)?
22
Let v(n) = 9*n**3 + 177*n**2 + 235*n + 63. Determine v(-1).
-4
Let t(l) = -3*l**3 - 9*l**2 + 26*l - 751. Determine t(-8).
1
Let r(a) = 5258*a - 310211. Give r(59).
11
Let b(q) = q**2 + 13850*q + 4263515. Give b(-315).
-10
Let z(f) = -72*f**2 + 3159*f + 131659. Calculate z(70).
-11
Let f(q) = 17*q**2 + 365*q + 1916. Determine f(-12).
-16
Let w(q) = 183*q - 4761. Calculate w(25).
-186
Let r(z) = -z**2 - 4202*z - 79699. What is r(-19)?
-222
Let y(l) = -l**3 - 187*l**2 + 180*l - 1454. Determine y(-188).
50
Let d(x) = -122*x - 3029. Determine d(-19).
-711
Let l(w) = 6413*w + 3463031. Calculate l(-540).
11
Let l(r) = 4*r**2 + 1926*r + 15263. What is l(-8)?
111
Let l(j) = 2*j**2 - 451*j + 6832. Calculate l(16).
128
Let i(a) = -92*a + 13852. What is i(128)?
2076
Let r(t) = 8007*t - 71564. What is r(9)?
499
Let v(x) = 8449*x + 92953. Give v(-11).
14
Let w(h) = -14360*h - 12349637. What is w(-860)?
-37
Let y(w) = -2*w**3 - 974*w**2 + 99876*w - 4. Determine y(87).
-4
Let d(w) = -8501*w + 67778. What is d(8)?
-230
Let y(i) = i**3 - 16*i**2 - 1398*i + 20182. Determine y(14).
218
Let c(u) = -16912*u - 33910. Calculate c(-2).
-86
Let i(u) = 715*u - 203809. Give i(285).
-34
Let x(u) = -72305*u - 723056. Give x(-10).
-6
Let p(t) = 10*t**2 + 44*t - 3908. Give p(-24).
796
Let p(o) = -4933*o**2 - 138095*o + 34. Give p(-28).
-778
Let z(v) = 1037165*v + 3111500. What is z(-3)?
5
Let n(c) = 53*c + 701. Determine n(-12).
65
Let a(h) = -h**3 + 66*h**2 + 31*h - 659. Determine a(67).
-3071
Let w(p) = -6*p**3 + 2116*p**2 + 706*p + 178. Determine w(353).
178
Let j(d) = 3*d**3 + 4*d**2 - 4*d + 1. Determine j(-3).
-32
Let t(x) = 19*x**2 + 242*x - 27201. What is t(32)?
-1
Let u(x) = 6*x**3 + 63*x**2 + 58*x + 918. What is u(-11)?
-83
Let u(s) = 10*s**3 - 1091*s**2 + 182*s - 8354. Give u(109).
-397
Let y(b) = -604*b**2 + 2070*b - 2072. Determine y(1).
-606
Let i(f) = 5688*f + 125186. What is i(-22)?
50
Let i(t) = 112637*t - 225268. What is i(2)?
6
Let p(w) = 2*w**2 + 345*w - 7425. What is p(19)?
-148
Let n(y) = -y**3 + 146*y**2 + 604*y - 518. Give n(150).
82
Let a(q) = 3*q**2 - 1632*q + 11370. Determine a(7).
93
Let p(f) = 2*f**3 - 72*f**2 + 148*f - 14. Determine p(2).
10
Let n(y) = 79*y + 7642. Determine n(-104).
-574
Let j(u) = 8368*u - 242666. Calculate j(29).
6
Let f(z) = -8*z**2 - 292*z - 48. Determine f(-37).
-196
Let k(v) = -v**2 - 16054*v + 191. Determine k(0).
191
Let x(w) = 341*w + 28337. What is x(-83)?
34
Let u(b) = 3761*b + 15026. Calculate u(-4).
-18
Let m(i) = 2412*i + 15302. Determine m(-7).
-1582
Let k(x) = -x**3 + 112*x**2 - 931*x + 80. Calculate k(9).
44
Let b(k) = k**2 - 2222*k - 386204. Give b(-162).
4
Let z(x) = 7*x**3 + 65*x**2 + 169*x + 1341. Determine z(-9).
-18
Let w(s) = s**2 - 159*s - 590454. Calculate w(852).
-18
Let c(p) = 86*p + 2913. Calculate c(-35).
-97
Let p(c) = -2*c**3 - 22*c**2 + 243*c + 2690. What is p(-11)?
17
Let z(v) = -v**3 - 212*v**2 + 4637*v - 994. Calculate z(-232).
-298
Let y(i) = -9*i**2 + 34*i + 16. What is y(-1)?
-27
Let i(k) = -12*k**2 + 8310*k + 58768. Give i(-7).
10
Let y(d) = -40*d + 4684. Give y(114).
124
Let u(q) = 5131*q - 1385297. Determine u(270).
73
Let i(c) = -2*c**3 + 20*c**2 + 13*c - 217. Give i(7).
168
Let f(s) = -s**2 + 75*s + 4544. Calculate f(112).
400
Let u(h) = -3*h**2 - 438*h + 780. Determine u(-158).
-4908
Let a(l) = 406*l - 1968. What is a(12)?
2904
Let u(a) = -184382*a - 3503263. Calculate u(-19).
-5
Let k(z) = -39802*z - 79622. Determine k(-2).
-18
Let a(z) = 525*z + 10239. Give a(-18).
789
Let b(y) = -346*y + 5932. Give b(17).
50
Let d(f) = f**3 + 47*f**2 - 4804*f + 4290. Calcul